rime?
True
Is 9731 prime?
False
Is 107983 prime?
False
Is 121747 prime?
False
Is 18839 composite?
False
Is 15673 a composite number?
True
Is 923 a composite number?
True
Is 45757 a composite number?
False
Is 951757 composite?
True
Is 49705 a composite number?
True
Is 237577 a composite number?
True
Is 570719 a prime number?
True
Is 9127 prime?
True
Is 590983 a composite number?
False
Is 344089 a prime number?
False
Is 35729 a prime number?
True
Is 24659 composite?
False
Is 60747 prime?
False
Is 48049 prime?
True
Is 631 a prime number?
True
Is 4812913 prime?
False
Is 10841 a composite number?
True
Is 518507 a composite number?
True
Is 4229 a composite number?
False
Is 2186401 composite?
True
Is 7297 a composite number?
False
Is 18623 composite?
True
Is 16243 a prime number?
False
Is 2078 composite?
True
Is 194333 a prime number?
False
Is 10895 composite?
True
Is 1773649 prime?
True
Is 126129 composite?
True
Is 81667 a composite number?
False
Is 7103 a prime number?
True
Is 46747 a composite number?
False
Is 564623 prime?
False
Is 45131 a prime number?
True
Is 8663 a prime number?
True
Is 27407 composite?
False
Is 1685 prime?
False
Is 15259 a composite number?
False
Is 2138317 a composite number?
True
Is 75011 prime?
True
Is 196111 composite?
False
Is 5941 a prime number?
False
Is 292267 a composite number?
False
Is 142238 composite?
True
Is 46957 a composite number?
False
Is 190001 prime?
False
Is 677 a prime number?
True
Is 2669 a composite number?
True
Is 4861 a prime number?
True
Is 6134 prime?
False
Is 34027 composite?
True
Is 5951 composite?
True
Is 42593 a composite number?
True
Is 28415 a composite number?
True
Is 13361 a composite number?
True
Is 255289 prime?
False
Is 5509 prime?
False
Is 29363 prime?
True
Is 13837 a prime number?
False
Is 44771 a composite number?
False
Is 548543 a composite number?
False
Is 30971 a prime number?
True
Is 133135 a composite number?
True
Is 33593 prime?
False
Is 41141 a prime number?
True
Is 200045 a prime number?
False
Is 192709 a prime number?
False
Is 1709 prime?
True
Is 477697 prime?
False
Is 241861 a composite number?
False
Is 216421 a prime number?
True
Is 3109 a composite number?
False
Is 223591 composite?
True
Is 492227 a prime number?
True
Is 5501 prime?
True
Is 13577 a composite number?
False
Is 26141 a composite number?
False
Is 21701 a prime number?
True
Is 37031 a prime number?
False
Is 718999 composite?
False
Is 9803 prime?
True
Is 10579 a prime number?
False
Is 2315 a composite number?
True
Is 14371 composite?
True
Is 47537 composite?
True
Is 69178 prime?
False
Is 82583 a composite number?
True
Is 4972723 prime?
False
Is 4721 composite?
False
Is 4907 a composite number?
True
Is 382607 a prime number?
False
Is 2411 composite?
False
Is 6733 a composite number?
False
Is 282269 a prime number?
False
Is 47923 a composite number?
True
Is 23291 prime?
True
Is 36845 composite?
True
Is 508373 a composite number?
False
Is 2839 prime?
False
Is 65383 composite?
True
Is 969706 prime?
False
Is 211 a composite number?
False
Is 64483 composite?
False
Is 36037 a prime number?
True
Is 204641 a composite number?
False
Is 69681 a composite number?
True
Is 57003 prime?
False
Is 1361 composite?
False
Is 6229 composite?
False
Is 18511 composite?
True
Is 27806 a prime number?
False
Is 20841 a composite number?
True
Is 26591 a composite number?
False
Is 303 prime?
False
Is 5501 a prime number?
True
Is 8849 a composite number?
False
Is 3505 a prime number?
False
Is 50233 a composite number?
True
Is 3651 composite?
True
Is 17585 prime?
False
Is 116674 a prime number?
False
Is 523589 prime?
False
Is 19153 composite?
True
Is 33279 prime?
False
Is 102359 composite?
False
Is 104579 prime?
True
Is 12653 prime?
True
Is 51694 a prime number?
False
Is 2498 prime?
False
Is 2851 a composite number?
False
Is 37459 prime?
False
Is 106211 composite?
True
Is 346253 a prime number?
False
Is 62459 prime?
True
Is 8263 a prime number?
True
Is 76559 a composite number?
True
Is 54539 composite?
False
Is 47557 prime?
False
Is 54311 composite?
False
Is 709 composite?
False
Is 1651769 prime?
False
Is 425123 a composite number?
False
Is 29269 prime?
True
Is 19121 a composite number?
False
Is 29453 a prime number?
True
Is 256117 composite?
False
Is 382807 a composite number?
False
Is 707 a prime number?
False
Is 34285 a composite number?
True
Is 1543 prime?
True
Is 69653 composite?
False
Is 9103 a prime number?
True
Is 21763 a prime number?
False
Is 4387 a prime number?
False
Is 211 prime?
True
Is 32173 a prime number?
True
Is 110407 prime?
False
Is 3989 a prime number?
True
Is 313931 prime?
True
Is 4741 prime?
False
Is 3349 a prime number?
False
Is 213143 prime?
False
Is 202967 prime?
True
Is 20743 prime?
True
Is 8989 prime?
False
Is 34087 a prime number?
False
Is 115651 a prime number?
False
Is 44458 a prime number?
False
Is 45449 a prime number?
False
Is 11351 a composite number?
False
Is 8147 a prime number?
True
Is 161765 a composite number?
True
Is 136921 composite?
True
Is 860107 a composite number?
False
Is 12149 prime?
True
Is 305419 prime?
True
Is 211 prime?
True
Is 113621 a composite number?
False
Is 335 prime?
False
Is 12761 composite?
True
Is 74523 prime?
False
Is 581411 prime?
True
Is 78742 a prime number?
False
Is 35501 a prime number?
False
Is 377557 a prime number?
True
Is 252079 prime?
True
Is 40453 composite?
True
Is 363505 a prime number?
False
Is 1996489 composite?
True
Is 439 a prime number?
True
Is 5623 composite?
False
Is 1061 prime?
True
Is 512081 a composite number?
True
Is 3989 prime?
True
Is 35297 prime?
False
Is 274903 a prime number?
False
Is 5809 prime?
False
Is 17146 prime?
False
Is 6893 composite?
True
Is 31865 a prime number?
False
Is 34163 prime?
False
Is 57391 a prime number?
False
Is 52243 a prime number?
False
Is 2174 a prime number?
False
Is 5971 prime?
False
Is 56237 a composite number?
False
Is 14281 prime?
True
Is 2147213 prime?
True
Is 38013 a composite number?
True
Is 155201 a composite number?
False
Is 1396579 a prime number?
True
Is 9713 a composite number?
True
Is 1101 a composite number?
True
Is 94477 prime?
True
Is 6718 a prime number?
False
Is 1361 a prime number?
True
Is 23809 a composite number?
True
Is 577849 composite?
False
Is 20921 composite?
False
Is 14029 composite?
False
Is 40283 prime?
True
Is 536543 prime?
False
Is 197663 composite?
True
Is 1684477 a composite number?
False
Is 761561 composite?
False
Is 1057507 a composite number?
True
Is 791 a prime number?
False
Is 5737 prime?
True
Is 9277 a composite number?
False
Is 16811 composite?
False
Is 12047 a composite number?
True
Is 186117 a composite number?
True
Is 18623 prime?
False
Is 20993 composite?
True
Is 6803 composite?
False
Is 149371 a composite number?
False
Is 460869 a composite number?
True
Is 203 prime?
False
Is 26561 a prime number?
True
Is 3389 a composite number?
False
Is 41443 a composite number?
False
Is 14171 a prime number?
False
Is 6661 prime?
True
Is 27085 a prime number?
False
Is 167819 prime?
False
Is 309359 prime?
True
Is 82589 prime?
False
Is 237763 a composite number?
False
Is 233287 composite?
True
Is 64151 a composite number?
False
Is 1982677 a prime number?
False
Is 101267 prime?
True
Is 717334 prime?
False
Is 349061 a composite number?
True
Is 43114 a composite number?
True
Is 763393 composite?
True
Is 5129 composite?
True
Is 386915 prime?
False
Is 697462 prime?
False
Is 5147 a prime number?
True
Is 5755 composite?
True
Is 186787 a composite number?
True
Is 55049 a composite number?
False
Is 7969 composite?
True
Is 57718 prime?
False
Is 82699 prime?
True
Is 2155 prime?
False
Is 5773 composite?
True
Is 376459 a prime number?
False
Is 27049 prime?
False
Is 137633 composite?
False
Is 4861 a composite number?
False
Is 1999603 a composite number?
False
Is 8227385 prime?
False
Is 144709 a composite number?
False
Is 29933 prime?
False
Is 86081 a prime number?
False
Is 40387 a prime number?
True
Is 177257 a composite number?
False
Is 4673 a composite number?
False
Is 4126 prime?
False
Is 1444643 a composite number?
True
Is 6637 a prime number?
True
Is 105977 a composite number?
False
Is 12723 composite?
True
Is 1087 composite?
False
Is 55882 prime?
False
Is 949607 prime?
True
Is 164153 a composite number